{"id":55,"date":"2017-08-08T17:17:30","date_gmt":"2017-08-08T15:17:30","guid":{"rendered":"http:\/\/betreuungsbuero-axmann.de\/?page_id=55"},"modified":"2021-08-11T19:23:18","modified_gmt":"2021-08-11T17:23:18","slug":"impressum","status":"publish","type":"page","link":"http:\/\/betreuungsbuero-axmann.de\/index.php\/impressum\/","title":{"rendered":"Impressum &#038; Datenschutz"},"content":{"rendered":"<section class=\"av_textblock_section \">\n<h1 class=\"avia_textblock \"><span style=\"font-size: 1.5rem;\">IMPRESSUM<\/span><\/h1>\n<\/section>\n<section class=\"av_textblock_section \">\n<div class=\"avia_textblock \">\n<div id=\"generatorPreviewWrapper\">\n<div id=\"generatorPreview\">\n<p><strong>Angaben gem\u00e4\u00df \u00a7 5 TMG:<\/strong><\/p>\n<p>Betreuungsb\u00fcro Axmann<br \/>\nGerichtlich bestellte Betreuerin an Betreuungsgerichten<br \/>\nKatrin Axmann<\/p>\n<p><strong>Kontakt:<br \/>\n<\/strong>Telefon: +49 151 \/ 68831499<br \/>\nFax: +49 37421 170788<br \/>\nE-Mail: berufsbetreuerin_axmann@gmx.de<\/p>\n<p><strong>Vertreten durch:<br \/>\n<\/strong>Katrin Axmann<\/p>\n<p><strong>Urheberrechtliche Hinweise \/ Bildrechte:<br \/>\n<\/strong>Sonnenblume (c) Radka Sch\u00f6ne \/ pixelio.de<\/p>\n<p><strong>Verantwortlich f\u00fcr journalistisch-redaktionelle Inhalte ist:<br \/>\n<\/strong>Katrin Axmann<\/p>\n<p><em>Das Impressum wurde mit dem\u00a0<a href=\"https:\/\/www.activemind.de\/datenschutz\/impressums-generator\/\">Impressums-Generator der activeMind AG<\/a>\u00a0erstellt.<\/em><\/p>\n<\/div>\n<h1>DATENSCHUTZERKL\u00c4RUNG<\/h1>\n<p>Verantwortliche Stelle im Sinne der Datenschutzgesetze ist:<br \/>\nKatrin Axmann<\/p>\n<p><strong>Ihre Rechte auf Auskunft, Berichtigung, Sperre, L\u00f6schung und Widerspruch<br \/>\n<\/strong>Sie haben das Recht, jederzeit Auskunft \u00fcber Ihre bei uns gespeicherten personenbezogenen Daten zu erhalten. Ebenso haben Sie das Recht auf Berichtigung, Sperrung oder, abgesehen von der vorgeschriebenen Datenspeicherung zur Gesch\u00e4ftsabwicklung, L\u00f6schung Ihrer personenbezogenen Daten. Bitte wenden Sie sich dazu an unseren Datenschutzbeauftragten. Die Kontaktdaten finden Sie ganz unten.<\/p>\n<p>Damit eine Sperre von Daten jederzeit ber\u00fccksichtigt werden kann, m\u00fcssen diese Daten zu Kontrollzwecken in einer Sperrdatei vorgehalten werden. Sie k\u00f6nnen auch die L\u00f6schung der Daten verlangen, soweit keine gesetzliche Archivierungsverpflichtung besteht. Soweit eine solche Verpflichtung besteht, sperren wir Ihre Daten auf Wunsch.<\/p>\n<p>Sie k\u00f6nnen \u00c4nderungen oder den Widerruf einer Einwilligung durch entsprechende Mitteilung an uns mit Wirkung f\u00fcr die Zukunft vornehmen.<\/p>\n<p><strong>\u00c4nderung unserer Datenschutzbestimmungen<br \/>\n<\/strong>Wir behalten uns vor, diese Datenschutzerkl\u00e4rung gelegentlich anzupassen, damit sie stets den aktuellen rechtlichen Anforderungen entspricht oder um \u00c4nderungen unserer Leistungen in der Datenschutzerkl\u00e4rung umzusetzen, z. B. bei der Einf\u00fchrung neuer Services. F\u00fcr Ihren erneuten Besuch gilt dann die neue Datenschutzerkl\u00e4rung.<\/p>\n<p><em>Die Datenschutzerkl\u00e4rung wurde mit dem\u00a0<a href=\"https:\/\/www.activemind.de\/datenschutz\/datenschutzhinweis-generator\/\">Datenschutzerkl\u00e4rungs-Generator der activeMind AG erstellt<\/a>.<\/em><\/p>\n<\/div>\n<\/div>\n<\/section>\n","protected":false},"excerpt":{"rendered":"<p>IMPRESSUM Angaben gem\u00e4\u00df \u00a7 5 TMG: Betreuungsb\u00fcro Axmann Gerichtlich bestellte Betreuerin an Betreuungsgerichten Katrin Axmann Kontakt: Telefon: +49 151 \/ 68831499 Fax: +49 37421 170788 E-Mail: berufsbetreuerin_axmann@gmx.de Vertreten durch: Katrin Axmann Urheberrechtliche Hinweise \/ Bildrechte: Sonnenblume (c) Radka Sch\u00f6ne \/ pixelio.de Verantwortlich f\u00fcr journalistisch-redaktionelle Inhalte ist: Katrin Axmann Das Impressum wurde mit dem\u00a0Impressums-Generator der activeMind &hellip; <\/p>\n<p class=\"link-more\"><a href=\"http:\/\/betreuungsbuero-axmann.de\/index.php\/impressum\/\" class=\"more-link\"><span class=\"screen-reader-text\">\u201eImpressum &#038; Datenschutz\u201c <\/span>weiterlesen<\/a><\/p>\n","protected":false},"author":1,"featured_media":0,"parent":0,"menu_order":0,"comment_status":"closed","ping_status":"closed","template":"","meta":{"footnotes":""},"class_list":["post-55","page","type-page","status-publish","hentry"],"yoast_head":"<!-- This site is optimized with the Yoast SEO plugin v27.5 - https:\/\/yoast.com\/product\/yoast-seo-wordpress\/ -->\n<title>Impressum &amp; Datenschutz - Betreuungsb\u00fcro Katrin Axmann<\/title>\n<meta name=\"robots\" content=\"index, follow, max-snippet:-1, max-image-preview:large, max-video-preview:-1\" \/>\n<link rel=\"canonical\" href=\"http:\/\/betreuungsbuero-axmann.de\/index.php\/impressum\/\" \/>\n<meta property=\"og:locale\" content=\"de_DE\" \/>\n<meta property=\"og:type\" content=\"article\" \/>\n<meta property=\"og:title\" content=\"Impressum &amp; Datenschutz - Betreuungsb\u00fcro Katrin Axmann\" \/>\n<meta property=\"og:description\" content=\"IMPRESSUM Angaben gem\u00e4\u00df \u00a7 5 TMG: Betreuungsb\u00fcro Axmann Gerichtlich bestellte Betreuerin an Betreuungsgerichten Katrin Axmann Kontakt: Telefon: +49 151 \/ 68831499 Fax: +49 37421 170788 E-Mail: berufsbetreuerin_axmann@gmx.de Vertreten durch: Katrin Axmann Urheberrechtliche Hinweise \/ Bildrechte: Sonnenblume (c) Radka Sch\u00f6ne \/ pixelio.de Verantwortlich f\u00fcr journalistisch-redaktionelle Inhalte ist: Katrin Axmann Das Impressum wurde mit dem\u00a0Impressums-Generator der activeMind &hellip; \u201eImpressum &#038; Datenschutz\u201c weiterlesen\" \/>\n<meta property=\"og:url\" content=\"http:\/\/betreuungsbuero-axmann.de\/index.php\/impressum\/\" \/>\n<meta property=\"og:site_name\" content=\"Betreuungsb\u00fcro Katrin Axmann\" \/>\n<meta property=\"article:modified_time\" content=\"2021-08-11T17:23:18+00:00\" \/>\n<meta name=\"twitter:card\" content=\"summary_large_image\" \/>\n<meta name=\"twitter:label1\" content=\"Gesch\u00e4tzte Lesezeit\" \/>\n\t<meta name=\"twitter:data1\" content=\"2\u00a0Minuten\" \/>\n<script type=\"application\/ld+json\" class=\"yoast-schema-graph\">{\"@context\":\"https:\\\/\\\/schema.org\",\"@graph\":[{\"@type\":\"WebPage\",\"@id\":\"http:\\\/\\\/betreuungsbuero-axmann.de\\\/index.php\\\/impressum\\\/\",\"url\":\"http:\\\/\\\/betreuungsbuero-axmann.de\\\/index.php\\\/impressum\\\/\",\"name\":\"Impressum & Datenschutz - Betreuungsb\u00fcro Katrin Axmann\",\"isPartOf\":{\"@id\":\"http:\\\/\\\/betreuungsbuero-axmann.de\\\/#website\"},\"datePublished\":\"2017-08-08T15:17:30+00:00\",\"dateModified\":\"2021-08-11T17:23:18+00:00\",\"breadcrumb\":{\"@id\":\"http:\\\/\\\/betreuungsbuero-axmann.de\\\/index.php\\\/impressum\\\/#breadcrumb\"},\"inLanguage\":\"de\",\"potentialAction\":[{\"@type\":\"ReadAction\",\"target\":[\"http:\\\/\\\/betreuungsbuero-axmann.de\\\/index.php\\\/impressum\\\/\"]}]},{\"@type\":\"BreadcrumbList\",\"@id\":\"http:\\\/\\\/betreuungsbuero-axmann.de\\\/index.php\\\/impressum\\\/#breadcrumb\",\"itemListElement\":[{\"@type\":\"ListItem\",\"position\":1,\"name\":\"Startseite\",\"item\":\"http:\\\/\\\/betreuungsbuero-axmann.de\\\/\"},{\"@type\":\"ListItem\",\"position\":2,\"name\":\"Impressum &#038; Datenschutz\"}]},{\"@type\":\"WebSite\",\"@id\":\"http:\\\/\\\/betreuungsbuero-axmann.de\\\/#website\",\"url\":\"http:\\\/\\\/betreuungsbuero-axmann.de\\\/\",\"name\":\"Betreuungsb\u00fcro Katrin Axmann\",\"description\":\"Gerichtlich bestellte Betreuerin an Betreuungsgerichten\",\"potentialAction\":[{\"@type\":\"SearchAction\",\"target\":{\"@type\":\"EntryPoint\",\"urlTemplate\":\"http:\\\/\\\/betreuungsbuero-axmann.de\\\/?s={search_term_string}\"},\"query-input\":{\"@type\":\"PropertyValueSpecification\",\"valueRequired\":true,\"valueName\":\"search_term_string\"}}],\"inLanguage\":\"de\"}]}<\/script>\n<!-- \/ Yoast SEO plugin. -->","yoast_head_json":{"title":"Impressum & Datenschutz - Betreuungsb\u00fcro Katrin Axmann","robots":{"index":"index","follow":"follow","max-snippet":"max-snippet:-1","max-image-preview":"max-image-preview:large","max-video-preview":"max-video-preview:-1"},"canonical":"http:\/\/betreuungsbuero-axmann.de\/index.php\/impressum\/","og_locale":"de_DE","og_type":"article","og_title":"Impressum & Datenschutz - Betreuungsb\u00fcro Katrin Axmann","og_description":"IMPRESSUM Angaben gem\u00e4\u00df \u00a7 5 TMG: Betreuungsb\u00fcro Axmann Gerichtlich bestellte Betreuerin an Betreuungsgerichten Katrin Axmann Kontakt: Telefon: +49 151 \/ 68831499 Fax: +49 37421 170788 E-Mail: berufsbetreuerin_axmann@gmx.de Vertreten durch: Katrin Axmann Urheberrechtliche Hinweise \/ Bildrechte: Sonnenblume (c) Radka Sch\u00f6ne \/ pixelio.de Verantwortlich f\u00fcr journalistisch-redaktionelle Inhalte ist: Katrin Axmann Das Impressum wurde mit dem\u00a0Impressums-Generator der activeMind &hellip; \u201eImpressum &#038; Datenschutz\u201c weiterlesen","og_url":"http:\/\/betreuungsbuero-axmann.de\/index.php\/impressum\/","og_site_name":"Betreuungsb\u00fcro Katrin Axmann","article_modified_time":"2021-08-11T17:23:18+00:00","twitter_card":"summary_large_image","twitter_misc":{"Gesch\u00e4tzte Lesezeit":"2\u00a0Minuten"},"schema":{"@context":"https:\/\/schema.org","@graph":[{"@type":"WebPage","@id":"http:\/\/betreuungsbuero-axmann.de\/index.php\/impressum\/","url":"http:\/\/betreuungsbuero-axmann.de\/index.php\/impressum\/","name":"Impressum & Datenschutz - Betreuungsb\u00fcro Katrin Axmann","isPartOf":{"@id":"http:\/\/betreuungsbuero-axmann.de\/#website"},"datePublished":"2017-08-08T15:17:30+00:00","dateModified":"2021-08-11T17:23:18+00:00","breadcrumb":{"@id":"http:\/\/betreuungsbuero-axmann.de\/index.php\/impressum\/#breadcrumb"},"inLanguage":"de","potentialAction":[{"@type":"ReadAction","target":["http:\/\/betreuungsbuero-axmann.de\/index.php\/impressum\/"]}]},{"@type":"BreadcrumbList","@id":"http:\/\/betreuungsbuero-axmann.de\/index.php\/impressum\/#breadcrumb","itemListElement":[{"@type":"ListItem","position":1,"name":"Startseite","item":"http:\/\/betreuungsbuero-axmann.de\/"},{"@type":"ListItem","position":2,"name":"Impressum &#038; Datenschutz"}]},{"@type":"WebSite","@id":"http:\/\/betreuungsbuero-axmann.de\/#website","url":"http:\/\/betreuungsbuero-axmann.de\/","name":"Betreuungsb\u00fcro Katrin Axmann","description":"Gerichtlich bestellte Betreuerin an Betreuungsgerichten","potentialAction":[{"@type":"SearchAction","target":{"@type":"EntryPoint","urlTemplate":"http:\/\/betreuungsbuero-axmann.de\/?s={search_term_string}"},"query-input":{"@type":"PropertyValueSpecification","valueRequired":true,"valueName":"search_term_string"}}],"inLanguage":"de"}]}},"_links":{"self":[{"href":"http:\/\/betreuungsbuero-axmann.de\/index.php\/wp-json\/wp\/v2\/pages\/55","targetHints":{"allow":["GET"]}}],"collection":[{"href":"http:\/\/betreuungsbuero-axmann.de\/index.php\/wp-json\/wp\/v2\/pages"}],"about":[{"href":"http:\/\/betreuungsbuero-axmann.de\/index.php\/wp-json\/wp\/v2\/types\/page"}],"author":[{"embeddable":true,"href":"http:\/\/betreuungsbuero-axmann.de\/index.php\/wp-json\/wp\/v2\/users\/1"}],"replies":[{"embeddable":true,"href":"http:\/\/betreuungsbuero-axmann.de\/index.php\/wp-json\/wp\/v2\/comments?post=55"}],"version-history":[{"count":11,"href":"http:\/\/betreuungsbuero-axmann.de\/index.php\/wp-json\/wp\/v2\/pages\/55\/revisions"}],"predecessor-version":[{"id":106,"href":"http:\/\/betreuungsbuero-axmann.de\/index.php\/wp-json\/wp\/v2\/pages\/55\/revisions\/106"}],"wp:attachment":[{"href":"http:\/\/betreuungsbuero-axmann.de\/index.php\/wp-json\/wp\/v2\/media?parent=55"}],"curies":[{"name":"wp","href":"https:\/\/api.w.org\/{rel}","templated":true}]}}